ase 10, what is 737217 - -26?
737243
In base 9, what is -30866483 + 1?
-30866482
In base 16, what is -90 - e4e7?
-e577
In base 4, what is 103312322 - -110101?
110023023
In base 16, what is -5 - f53909?
-f5390e
In base 3, what is 110112200000211012 - -10?
110112200000211022
In base 5, what is 1213 + -211224121?
-211222403
In base 8, what is 14312 + 53342?
67654
In base 14, what is ccc + 94419?
95307
In base 16, what is -4410 - 119?
-4529
In base 16, what is -53a - -109cf?
10495
In base 2, what is 100100010 + 110110101101111?
110111010010001
In base 5, what is 312103341301 + 0?
312103341301
In base 9, what is -53 - -172386?
172333
In base 12, what is -4 - 36247325?
-36247329
In base 3, what is 20002 + -10110201112?
-10110111110
In base 11, what is -1 + -83519a?
-8351a0
In base 9, what is 172636 + -16?
172620
In base 15, what is -2675 - -14a4?
-11c1
In base 13, what is 28 - 338841?
-338816
In base 14, what is 1cd8a + -1a?
1cd70
In base 13, what is -17 - -27478?
27461
In base 11, what is -2 - -29a8025?
29a8023
In base 8, what is -733022477 - 1?
-733022500
In base 7, what is 11404 + 656460?
1001164
In base 5, what is -203404 - -32422?
-120432
In base 10, what is 686126 + 45?
686171
In base 3, what is 100102202011 - 220021?
100101211220
In base 14, what is 6 + -6d1d?
-6d17
In base 3, what is -1102102100101210 + -12?
-1102102100101222
In base 5, what is 11034214310 - -2?
11034214312
In base 11, what is -7 - -3127526?
312751a
In base 12, what is -44341 + 13?
-4432a
In base 6, what is 1 + 332000101?
332000102
In base 16, what is -c2e + 40e?
-820
In base 7, what is -242116244 - 3?
-242116250
In base 16, what is b4e502 + -1?
b4e501
In base 16, what is 306f8 - 3c?
306bc
In base 7, what is 226116 - 21266?
204520
In base 7, what is 0 - -2613560014?
2613560014
In base 12, what is 5 - 243578b?
-2435786
In base 6, what is -2 - 24025341101?
-24025341103
In base 14, what is 513ab1a - 3?
513ab17
In base 13, what is 201a3 - -46a?
20640
In base 12, what is 5 - 3118228?
-3118223
In base 16, what is 4edd + -2ab?
4c32
In base 16, what is -3 + -586216?
-586219
In base 12, what is -2 - -2b2b85b?
2b2b859
In base 5, what is -23324221111 + -2?
-23324221113
In base 13, what is 9 + 469036?
469042
In base 10, what is 3085712 + -2?
3085710
In base 6, what is 25005103051 - -11?
25005103102
In base 14, what is -331 - 4312d?
-43460
In base 8, what is -5 - -746221255?
746221250
In base 6, what is 314034 - -3154?
321232
In base 14, what is -856bbc5c + 1?
-856bbc5b
In base 16, what is 0 - -134d5?
134d5
In base 13, what is -1305b + 5b7?
-12774
In base 2, what is -101101100001001110 - 11?
-101101100001010001
In base 12, what is 13b7b2 + -12?
13b7a0
In base 16, what is 1a30da2 - -4?
1a30da6
In base 16, what is 131 - -d7d?
eae
In base 12, what is 16 + -7213?
-71b9
In base 3, what is -22001110101020 - -11010?
-22001110020010
In base 7, what is -200 - -3024316?
3024116
In base 12, what is 2a8380 - a6?
2a8296
In base 16, what is 299a9 + e1?
29a8a
In base 12, what is 1b336063 + 1?
1b336064
In base 3, what is -2102121020002211 + 111?
-2102121020002100
In base 16, what is -28ba - 22b?
-2ae5
In base 6, what is 13 - 430243240?
-430243223
In base 14, what is -16 + 1134a36?
1134a20
In base 5, what is 31 - -11424331421?
11424332002
In base 14, what is -220 + 16b7dc?
16b5bc
In base 11, what is -1 + 231a076?
231a075
In base 4, what is 2132230 - 3011030?
-212200
In base 6, what is 5 - -230412202?
230412211
In base 2, what is -1000001 + 111101010001001011?
111101010000001010
In base 10, what is 10903 - 115353?
-104450
In base 16, what is 1722a - 6?
17224
In base 15, what is 6b - 2561?
-24e5
In base 16, what is a6c09c7 - -3?
a6c09ca
In base 3, what is -12 + 21201102002001?
21201102001212
In base 3, what is 21020011101 - 1?
21020011100
In base 7, what is 206613 + -125535?
51045
In base 4, what is 132 + -33200111?
-33133313
In base 4, what is -10201302121 - -103221?
-10201132300
In base 14, what is 2d - 1229461?
-1229432
In base 6, what is -215 + 251330051?
251325432
In base 4, what is -122 - 22202211223?
-22202212011
In base 7, what is -211510213 + 4?
-211510206
In base 6, what is -43345234 + 35?
-43345155
In base 4, what is -2012 + 23220?
21202
In base 6, what is 5100215000 - -3?
5100215003
In base 12, what is -637 - 20406?
-20a41
In base 5, what is 230213343 - 23?
230213320
In base 15, what is -1b + 253875?
253859
In base 11, what is -4664090 - -3?
-4664088
In base 9, what is 24 - 17568741?
-17568716
In base 11, what is 4 - -670367a?
6703683
In base 15, what is 1 - cd05e79?
-cd05e78
In base 2, what is -1011 + -10100000010100001111101?
-10100000010100010001000
In base 11, what is -659 + -971?
-151a
In base 13, what is 2c4c + -1abc?
1160
In base 5, what is -2 + 442243044?
442243042
In base 11, what is 24 - 856962?
-856939
In base 6, what is -3 + -2413245543?
-2413245550
In base 13, what is 11b1b4 + 7c?
11b263
In base 5, what is -1132 - -1010003?
1003321
In base 5, what is -1233240 + 401413?
-331322
In base 2, what is 1110 + 10111011011110011?
10111011100000001
In base 15, what is -9d5 - -95bc?
8ad7
In base 12, what is 415382a + -4?
4153826
In base 4, what is 323010 + -11332222?
-11003212
In base 10, what is 93662 + 146?
93808
In base 14, what is 3 - -190aa36?
190aa39
In base 11, what is 651778 - -129?
6518a6
In base 11, what is -147 - 34757?
-348a3
In base 12, what is -197064 - 33?
-197097
In base 6, what is -210123053025 + 4?
-210123053021
In base 2, what is 1011001100000 - -1000110101110?
10100000001110
In base 9, what is 22631247 - 4?
22631243
In base 13, what is -24 + -3080a6?
-3080ca
In base 4, what is -2 + -321002300123?
-321002300131
In base 7, what is -660412 + -646?
-661361
In base 10, what is 1 + 146118?
146119
In base 12, what is 483028b - -2?
4830291
In base 4, what is 22330 + 1101203110?
1101232100
In base 13, what is -10 + -b9129?
-b9139
In base 5, what is 2 - 22003120044?
-22003120042
In base 6, what is -12402351 + -15214?
-12422005
In base 13, what is -139 - -515b8?
5147c
In base 8, what is -55 - 3435133?
-3435210
In base 13, what is -2 - -574012?
574010
In base 2, what is 101000110000101101100001001110 - 11?
101000110000101101100001001011
In base 9, what is 57 - 624588?
-624531
In base 14, what is 1815610 - a?
1815604
In base 5, what is 10 + 332124303?
332124313
In base 16, what is 249d - 22f?
226e
In base 5, what is -1131004204 - 2?
-1131004211
In base 14, what is -32c6 + 30cd?
-1d7
In base 6, what is 0 + -1343340304?
-1343340304
In base 15, what is 2 + -178ead6a?
-178ead68
In base 13, what is -11b - 103658?
-103776
In base 16, what is -4 - -30edb2?
30edae
In base 8, what is 13561641 + 71?
13561732
In base 9, what is -5 - -14478665?
14478660
In base 8, what is -11275 - -402016?
370521
In base 10, what is -17774 - 20832?
-38606
In base 16, what is -13f4 + -3b9?
-17ad
In base 11, what is 86724 - 1360?
85374
In base 7, what is 5 + -6164305661?
-6164305653
In base 7, what is 14113 + 2151464?
2165610
In base 6, what is -1035525 + -30423?
-1110352
In base 2, what is -100001010001001 + 1100011001110010?
1000001111101001
In base 3, what is -20110 - -200200202?
200110022
In base 4, what is 30113 + -211321?
-121202
In base 8, what is 10437377 - -5?
10437404
In base 7, what is -2342044133 + 0?
-2342044133
In base 6, what is -2332004104 - -4?
-2332004100
In base 5, what is 1 + -114143133203?
-114143133202
In base 9, what is -3857340 + 2?
-3857337
In base 3, what is -12222011121022 - -101?
-12222011120221
In base 8, what is 12 - -3240531?
3240543
In base 13, what is -9 - -426b70?
426b64
In base 3, what is 102 + 220111220121?
220111221000
In base 4, what is -10 - 3203100200?
-3203100210
In base 9, what is 43647438 + 4?
43647443
In base 2, what is 100100101111101000011 + 11?
100100101111101000110
In base 6, what is 3042 - 13403?
-10321
In base 5, what is 4 + -242220213221?
-242220213212
In base 3, what is 10 + -20200212221120?
-20200212221110
In base 10, what is -285 + -573941?
-574226
In base 9, what is -314 - 300120?
-300434
In base 2, what is -100011001100010110100 + -1?
-100011001100010110101
In base 8, what is 51744473 - 4?
51744467
In base 15, what is 5 - 38c1121?
-38c111b
In base 6, what is 50533500 - -4?
50533504
In base 8, what is -5402705 + 343?
-5402342
In base 14, what is -ba8a22 - -